e f(-6).
-27
Let o(a) = a**3 + 348*a**2 - 1057*a + 16. What is o(3)?
4
Let l(s) = 9816*s + 29488. Calculate l(-3).
40
Let a(m) = -6*m**3 + 661*m**2 - 98*m - 1329. Give a(110).
-9
Let g(u) = -47*u**2 - 16213*u + 706. Give g(-345).
16
Let x(u) = 2*u**2 + 115*u + 1218. What is x(-9)?
345
Let n(b) = -2*b**3 + 32*b**2 + 233*b - 2889. What is n(18)?
9
Let t(i) = 2*i**2 - 178*i + 2037. Calculate t(77).
189
Let s(i) = -i**2 + 42*i + 4591. What is s(-50)?
-9
Let t(v) = -6*v**2 + 1139*v - 2980. Determine t(187).
199
Let o(r) = -184*r**2 + 23713*r - 20609. Determine o(128).
-1
Let y(b) = -10*b**2 - 843*b + 613. Determine y(-85).
18
Let j(v) = -6*v**3 - 61*v**2 + 167*v - 164. Calculate j(1).
-64
Let x(t) = -124*t**3 + 17857*t**2 - 146*t + 278. Give x(144).
-10
Let l(m) = -2071*m - 7756. Determine l(-4).
528
Let j(g) = -51*g**2 - 4741*g + 174. Give j(-93).
-12
Let v(o) = 2*o**2 + 1875*o - 249114. Determine v(118).
-16
Let i(x) = 35*x - 1398. Give i(35).
-173
Let p(u) = -30*u**2 + 1734*u + 2180. Calculate p(59).
56
Let m(y) = y**3 - 48*y**2 + 90*y + 594. What is m(45)?
-1431
Let r(z) = 30*z**2 - 104*z - 203. Calculate r(-2).
125
Let q(f) = 126*f**3 + 13*f**2 - 17*f + 6. Calculate q(1).
128
Let b(x) = -2*x**2 - 1001*x + 7435. Give b(8).
-701
Let n(b) = -b**3 + 54*b**2 - 27*b + 638. Calculate n(54).
-820
Let f(s) = -749*s**2 - 41940*s + 231. Determine f(-56).
7
Let d(p) = 3*p**2 + 1836*p + 33807. What is d(-593)?
6
Let h(t) = 30*t**2 + 34409*t + 103229. Calculate h(-3).
272
Let h(d) = d**3 - 36*d**2 + 235. Give h(38).
3123
Let b(t) = -433*t - 289233. Give b(-668).
11
Let x(o) = -3*o**3 + 64*o**2 + 46*o + 26. Determine x(22).
70
Let m(i) = -3*i**2 + 1681*i - 22901. Give m(14).
45
Let q(d) = -79*d - 8931. Give q(-105).
-636
Let w(d) = -41*d**3 + 28*d**2 - 55*d + 51. Give w(2).
-275
Let r(m) = -1381*m**2 - 305*m + 304. Give r(1).
-1382
Let p(m) = -2*m**2 - 37*m + 52. What is p(-15)?
157
Let p(t) = t**3 + 7*t**2 + 64*t + 149. Determine p(-4).
-59
Let v(a) = 294186*a + 7060468. Give v(-24).
4
Let w(d) = 56*d**2 - 12720*d - 36746. Calculate w(230).
54
Let h(y) = 110*y**2 - 4398*y - 14. Determine h(40).
66
Let i(c) = 2969*c - 445371. Give i(150).
-21
Let l(q) = q**3 - 10*q**2 - 440*q + 249. Calculate l(-17).
-74
Let o(n) = -n**3 - 135*n**2 + 413*n - 113. Give o(-138).
25
Let m(l) = 837*l + 122301. Determine m(-146).
99
Let k(x) = x**3 - 181*x**2 + 577*x - 39343. Determine k(179).
-142
Let z(m) = -106*m**2 + 1458*m - 4984. Determine z(7).
28
Let p(y) = 486*y - 46233. What is p(95)?
-63
Let l(b) = -16*b**2 + 1678*b - 25960. Determine l(86).
12
Let l(o) = 4*o**2 + 22*o + 49. Calculate l(3).
151
Let p(y) = 8470*y + 2778153. Give p(-328).
-7
Let l(a) = 7*a**2 - 49*a - 287. Calculate l(14).
399
Let z(b) = -417*b + 18656. Give z(46).
-526
Let w(i) = -2*i**2 + 3546*i - 142017. Determine w(41).
7
Let h(y) = -37*y**3 - 16*y**2 + 19*y + 63. Give h(-2).
257
Let i(u) = -9*u**2 + 516*u + 1264. Calculate i(62).
-1340
Let b(p) = 2276*p - 143149. What is b(63)?
239
Let r(p) = -562*p**2 - 19093*p + 306. Give r(-34).
-204
Let x(f) = -10*f**2 + 40878*f + 245349. Give x(-6).
-279
Let s(j) = 4426*j + 115079. What is s(-26)?
3
Let u(q) = -q**3 - 70*q**2 - 12492*q - 891968. Give u(-71).
5
Let a(g) = 24*g + 1246. Give a(-54).
-50
Let p(q) = 28*q**2 + 9253*q + 40816. What is p(-326)?
66
Let a(z) = -z**3 + 282*z**2 - 19305*z - 5541. What is a(118)?
5
Let i(t) = -11*t**2 - 1300*t - 1660. Give i(-117).
-139
Let m(g) = 10*g**2 - 70*g - 642. Give m(-6).
138
Let u(a) = -a**3 - 227*a**2 - 1946*a - 10. What is u(-9)?
-154
Let t(s) = 13*s**3 - 12*s**2 + 61*s - 110. What is t(3)?
316
Let h(d) = 1566*d - 51709. Give h(33).
-31
Let v(q) = -31202*q + 54915519. Calculate v(1760).
-1
Let s(g) = -10*g**3 - 327*g**2 + 2924*g + 83. Calculate s(-40).
-77
Let g(x) = x**3 + 2*x**2 + 14*x - 15. Calculate g(2).
29
Let y(o) = -4*o**3 - 73*o**2 - 457*o - 4. Determine y(-6).
974
Let f(b) = 7*b**2 - 21*b + 503. What is f(11)?
1119
Let b(d) = 3925*d - 23633. Give b(6).
-83
Let m(c) = 21*c**2 - 988*c + 5182. Give m(6).
10
Let v(i) = i**3 - 137*i**2 - 2079*i - 5264. Determine v(151).
21
Let g(w) = -w**3 - 21*w**2 + 37*w - 265. Determine g(-23).
-58
Let a(r) = 146*r**2 - 724*r - 80. Give a(7).
2006
Let s(t) = -2*t**2 - 145*t + 760. Determine s(5).
-15
Let z(d) = 370274*d + 740547. What is z(-2)?
-1
Let m(h) = 594*h**2 + 5944*h + 59. Determine m(-10).
19
Let n(z) = -10*z**2 - 1003*z + 6937. Determine n(7).
-574
Let c(g) = 3*g**2 - 492*g + 11550. What is c(29)?
-195
Let j(v) = -4*v**2 + 2029*v - 26179. Calculate j(494).
3
Let a(g) = 1584*g**2 - 11071*g - 126. What is a(7)?
-7
Let s(c) = -9028*c + 19671. Calculate s(2).
1615
Let j(a) = 5*a**2 - 180*a - 1272. Give j(43).
233
Let l(n) = 78248*n + 4773122. What is l(-61)?
-6
Let p(a) = 1505*a + 25475. Determine p(-18).
-1615
Let s(p) = -4*p**3 - 322*p**2 + 1647*p + 41. Determine s(5).
-274
Let f(r) = 349911*r - 3499082. Give f(10).
28
Let d(t) = -3033*t + 93989. Give d(31).
-34
Let i(u) = 31*u**2 - 80*u - 879. What is i(8)?
465
Let p(k) = -2*k**3 - 56*k**2 + 37*k - 204. Determine p(-29).
405
Let s(n) = -2*n**2 + 109*n + 9924. Give s(-48).
84
Let z(a) = 12473*a - 87354. Determine z(7).
-43
Let w(v) = v**2 - 93*v - 583. Give w(93).
-583
Let d(a) = -114*a**3 - 1366*a**2 + 10*a - 66. Calculate d(-12).
102
Let c(q) = q**2 - 96723*q - 193435. What is c(-2)?
15
Let y(w) = 3*w**3 + 144*w**2 + 138*w - 180. Determine y(-47).
-39
Let p(i) = 12943*i + 1553150. Determine p(-120).
-10
Let d(w) = w**3 + 73*w**2 + 76*w - 4764. What is d(-71)?
-78
Let u(h) = 15144*h + 1302379. Determine u(-86).
-5
Let z(h) = -42897*h - 429126. Calculate z(-10).
-156
Let k(z) = -z**2 - 46*z + 90. Calculate k(-52).
-222
Let v(s) = 45*s**2 + 932*s - 5465. Calculate v(6).
1747
Let o(x) = 2263*x - 102294. Give o(45).
-459
Let n(y) = 120294*y + 120303. Give n(-1).
9
Let m(u) = 77299*u - 154113. What is m(2)?
485
Let x(n) = 91*n**3 + 117*n**2 - 12*n - 20. Give x(-2).
-256
Let x(y) = -2*y**3 - 73*y**2 + 505*y + 14855. What is x(-38)?
-3
Let g(p) = 13*p**3 - 701*p**2 - 54*p + 31. What is g(54)?
31
Let g(y) = 51476*y + 1286935. Give g(-25).
35
Let a(d) = -3*d**2 - 12352*d + 74227. Give a(6).
7
Let u(h) = 7484*h + 82313. What is u(-11)?
-11
Let p(c) = -3*c**3 + 1091*c**2 - 715*c - 3130. Determine p(363).
863
Let c(u) = -12269*u - 147224. Calculate c(-12).
4
Let l(p) = 602*p - 106978. Calculate l(178).
178
Let p(o) = o**2 - 320170*o + 2881456. Give p(9).
7
Let i(v) = v**2 + 62*v - 4987. Calculate i(-108).
-19
Let h(c) = 4*c**3 + 174*c**2 + 574*c + 527. Determine h(-40).
-33
Let d(f) = -3*f**3 - 453*f**2 + 15*f + 2241. Give d(-151).
-24
Let a(p) = -2390*p - 281998. What is a(-118)?
22
Let j(k) = k**3 - 253*k**2 + 458*k + 7861. Calculate j(251).
-3183
Let z(l) = 6*l**3 + 159*l**2 + 19*l + 344. What is z(-26)?
1878
Let m(k) = 3*k**3 + 28*k**2 - 35*k - 87. Give m(-10).
63
Let y(m) = 101*m**2 + 804*m - 5. What is y(-8)?
27
Let n(q) = -433*q - 62755. Determine n(-145).
30
Let l(c) = 16*c**2 - 850*c - 5680. Determine l(-6).
-4
Let y(p) = -p**3 - 345*p**2 + 37076*p + 4017. What is y(-431)?
-293
Let z(b) = -2*b**3 - 410*b**2 + b - 1641. Determine z(-205).
-1846
Let j(z) = -z**3 - 687*z**2 - 34171*z + 30. What is j(-54)?
-564
Let k(r) = 219490*r - 9218621. Determine k(42).
-41
Let c(o) = -3*o**2 + 138*o + 5365. Give c(71).
40
Let o(z) = 443*z**2 - 37254*z + 3545. What is o(84)?
17
Let b(w) = -8819*w - 88189. Give b(-10).
1
Let g(f) = f**3 - 188*f**2 + 175*f + 3010. Give g(187).
766
Let r(q) = -549940*q + 3299645. What is r(6)?
5
Let r(b) = 4897*b + 44064. Give r(-9).
-9
Let g(y) = -6*y**3 + 171*y**2 - 104*y + 62. What is g(28)?
-498
Let a(p) = -p**3 + 7*p**2 + 1148*p - 17379. What is a(19)?
101
Let q(r) = 49386*r - 642020. Calculate q(13).
-2
Let a(s) = -s**3 - 209*s**2 - 5353*s + 3077. What is a(-179)?
34
Let x(y) = 871164*y - 11325115. Determine x(13).
17
Let c(m) = 1817*m - 27046. Give c(13).
-3425
Let y(x) = 5*x**2 + 979*x + 272. Determine y(0).
272
Let v(x) = x**2 + 247*x + 3048. Calculate v(-13).
6
Let g(n) = 80*n**3 - 337*n**2 - 336*n + 104. Give g(5).
-1
Let a(s) = -10*s**3 + 561*s**2 + 509*s + 114. Calculate a(57).
-114
Let v(x) = x**3 - 377*x**2 + 2953*x - 7. What is v(8)?
1
Let c(z) = z**3 + z**2 + 1072*z + 6570. Det